116?
8
What is the remainder when 57549772 is divided by 7193719?
20
What is the remainder when 3213562 is divided by 241?
68
What is the remainder when 12545320 is divided by 647?
637
Calculate the remainder when 1992655 is divided by 409.
7
Calculate the remainder when 82825 is divided by 39574.
3677
Calculate the remainder when 3015218 is divided by 36.
2
Calculate the remainder when 4577101 is divided by 8030.
1
Calculate the remainder when 2201359 is divided by 127.
68
What is the remainder when 387051 is divided by 5451?
30
What is the remainder when 341680667 is divided by 102576?
11
Calculate the remainder when 2135827 is divided by 1501.
1405
What is the remainder when 2565354 is divided by 313?
6
Calculate the remainder when 2641525 is divided by 2311.
52
Calculate the remainder when 2562028 is divided by 736.
12
Calculate the remainder when 123504687 is divided by 86.
1
Calculate the remainder when 2023030 is divided by 180.
10
Calculate the remainder when 509091 is divided by 509036.
55
Calculate the remainder when 21553 is divided by 4207.
518
What is the remainder when 8126510 is divided by 66?
62
What is the remainder when 194953 is divided by 27806?
311
What is the remainder when 215016 is divided by 8579?
541
Calculate the remainder when 84277600 is divided by 15.
10
What is the remainder when 4505132 is divided by 856?
4
What is the remainder when 174941 is divided by 1260?
1061
Calculate the remainder when 177318 is divided by 11.
9
What is the remainder when 93988 is divided by 238?
216
What is the remainder when 66911853 is divided by 33455917?
19
Calculate the remainder when 411357 is divided by 41127.
87
Calculate the remainder when 353022 is divided by 23527.
117
What is the remainder when 264404245 is divided by 323?
321
Calculate the remainder when 1367150 is divided by 146.
6
What is the remainder when 43312 is divided by 1893?
1666
What is the remainder when 958101 is divided by 61?
35
What is the remainder when 156544 is divided by 956?
716
What is the remainder when 90816 is divided by 557?
25
What is the remainder when 204555 is divided by 2427?
687
What is the remainder when 2835380 is divided by 20109?
11
What is the remainder when 124360 is divided by 116?
8
What is the remainder when 5877006 is divided by 845?
31
What is the remainder when 36731366 is divided by 51?
44
What is the remainder when 1283971 is divided by 62?
13
Calculate the remainder when 13111491 is divided by 2071.
2061
What is the remainder when 14964169 is divided by 12?
1
Calculate the remainder when 388509 is divided by 4.
1
Calculate the remainder when 11248033 is divided by 342.
337
What is the remainder when 1410869 is divided by 282157?
84
What is the remainder when 47602 is divided by 15448?
1258
What is the remainder when 292174 is divided by 48692?
22
What is the remainder when 8964170 is divided by 8636?
2
What is the remainder when 5272934 is divided by 1614?
1610
What is the remainder when 4407 is divided by 357?
123
What is the remainder when 7851 is divided by 2500?
351
What is the remainder when 174114 is divided by 19330?
144
Calculate the remainder when 79428 is divided by 7942.
8
Calculate the remainder when 8297736 is divided by 101.
81
Calculate the remainder when 585603 is divided by 195174.
81
Calculate the remainder when 63508392 is divided by 978.
6
Calculate the remainder when 39151 is divided by 2165.
181
What is the remainder when 725395 is divided by 1833?
1360
Calculate the remainder when 40316422 is divided by 69.
67
Calculate the remainder when 1154843023 is divided by 16.
15
What is the remainder when 4353520 is divided by 2573?
4
What is the remainder when 3971910 is divided by 255?
30
What is the remainder when 254830 is divided by 127368?
94
Calculate the remainder when 92194 is divided by 346.
158
What is the remainder when 60642661 is divided by 11399?
11380
What is the remainder when 162163530 is divided by 16?
10
What is the remainder when 1366129 is divided by 1192?
97
What is the remainder when 34057166 is divided by 279157?
12
Calculate the remainder when 365401 is divided by 4147.
465
Calculate the remainder when 10300789 is divided by 4570.
9
What is the remainder when 390608 is divided by 129953?
749
Calculate the remainder when 6910716 is divided by 2303567.
15
Calculate the remainder when 180340 is divided by 164.
104
Calculate the remainder when 1634958 is divided by 18165.
108
What is the remainder when 183630518 is divided by 333?
332
Calculate the remainder when 1082765852 is divided by 5967.
5966
Calculate the remainder when 182492 is divided by 5654.
1564
What is the remainder when 22040300 is divided by 44?
40
What is the remainder when 20114621 is divided by 5028643?
49
What is the remainder when 23443212 is divided by 3946?
26
What is the remainder when 14825 is divided by 3833?
3326
Calculate the remainder when 22233682 is divided by 1167.
1165
What is the remainder when 64009677 is divided by 8419?
20
What is the remainder when 9038938 is divided by 60?
58
Calculate the remainder when 16497352 is divided by 198763.
23
Calculate the remainder when 74982510 is divided by 187.
185
What is the remainder when 828363 is divided by 354?
3
What is the remainder when 765153 is divided by 36329?
2244
What is the remainder when 181523634 is divided by 28?
26
What is the remainder when 2738234 is divided by 133?
30
What is the remainder when 2621445 is divided by 10444?
1
Calculate the remainder when 2304038 is divided by 2583.
2
What is the remainder when 355955 is divided by 15476?
7
Calculate the remainder when 454767 is divided by 61.
12
What is the remainder when 155150 is divided by 77554?
42
Calculate the remainder when 11626216 is divided by 830438.
84
Calculate the remainder when 5504808 is divided by 220192.
8
What is the remainder when 58377305 is divided by 489?
485
Calculate the remainder when 47886 is divided by 740.
526
What is the remainder when 49791 is divided by 27?
3
What is the remainder when 1975957 is divided by 197595?
7
What is the remainder when 131082 is divided by 808?
186
Calculate the remainder when 44080107 is divided by 653.
648
What is the remainder when 31092 is divided by 2739?
963
What is the remainder when 26034 is divided by 55?
19
Calculate the remainder when 1005874 is divided by 13.
12
Calculate the remainder when 66227 is divided by 936.
707
Calculate the remainder when 4798885 is divided by 136.
125
Calculate the remainder when 5145819 is divided by 63.
42
Calculate the remainder when 8834728 is divided by 1093.
9
Calculate the remainder when 1817493 is divided by 2849.
2680
What is the remainder when 62939718 is divided by 8?
6
What is the remainder when 5428379 is divided by 6636?
131
What is the remainder when 1111474 is divided by 13892?
114
Calculate the remainder when 63911 is divided by 8707.
2962
What is the remainder when 1083228 is divided by 4146?
1122
What is the remainder when 14300693 is divided by 12?
5
Calculate the remainder when 62368 is divided by 2600.
2568
What is the remainder when 13004600 is divided by 59?
56
What is the remainder when 106867 is divided by 13036?
2579
What is the remainder when 145011 is divided by 8048?
147
Calculate the remainder when 38047 is divided by 6322.
115
Calculate the remainder when 1498991 is divided by 113.
46
What is the remainder when 1979076 is divided by 151?
70
What is the remainder when 218096 is divided by 6?
2
Calculate the remainder when 147274 is divided by 11298.
400
What is the remainder when 50235 is divided by 4165?
255
Calculate the remainder when 132246 is divided by 132234.
12
What is the remainder when 39534523 is divided by 18?
7
Calculate the remainder when 272223 is divided by 11950.
9323
Calculate the remainder when 455987 is divided by 70.
7
What is the remainder when 4098934 is divided by 4153?
4076
Calculate the remainder when 12493570 is divided by 6246783.
4
Calculate the remainder when 93839 is divided by 1838.
101
What is the remainder when 3681246 is divided by 1840619?
8
Calculate the remainder when 15881074 is divided by 108.
106
What is the remainder when 269488 is divided by 267927?
1561
What is the remainder when 5436914 is divided by 49425?
164
Calculate the r